-60?
239a
In base 16, what is -258 + -1f1?
-449
In base 6, what is -1 - -5002042?
5002041
In base 2, what is -10011 + -10000110111?
-10001001010
In base 15, what is -22 - 4a9?
-4cb
In base 12, what is -1687 - -2?
-1685
In base 7, what is -453 + -204?
-660
In base 14, what is 33 - 791b?
-78c8
In base 10, what is -50544 + 2?
-50542
In base 5, what is -2 - 124003314?
-124003321
In base 8, what is 552 - -11130?
11702
In base 13, what is 1b + 519?
537
In base 15, what is -12a7ee + -4?
-12a803
In base 2, what is 1110011 + 10001000010111?
10001010001010
In base 9, what is 7 + -248566?
-248558
In base 10, what is -14588 + -1?
-14589
In base 10, what is -22 - 101634?
-101656
In base 4, what is -10131132 + -1?
-10131133
In base 3, what is 1 + 120221111202?
120221111210
In base 5, what is 1 - -120041?
120042
In base 15, what is 3bc + -a49?
-67c
In base 8, what is -3 - 65214?
-65217
In base 13, what is -992 - 25?
-9b7
In base 5, what is -2 + -11023220?
-11023222
In base 8, what is -2573 + -71?
-2664
In base 14, what is 75 + -613?
-57c
In base 14, what is -3 - -102ab?
102a8
In base 3, what is 202 - 201221102?
-201220200
In base 9, what is -116447 + 13?
-116434
In base 9, what is -7 + -385107?
-385115
In base 12, what is -949 - 160?
-aa9
In base 3, what is 22002121 + 1?
22002122
In base 10, what is 5 + -85497?
-85492
In base 14, what is 25 + -2d97?
-2d72
In base 2, what is -1001010101111 + -1001010?
-1001011111001
In base 5, what is -140 - -1112300?
1112110
In base 3, what is 2 + -111111111?
-111111102
In base 2, what is -1011100111010010 + 0?
-1011100111010010
In base 8, what is -16 + 230153?
230135
In base 12, what is -4 + 7704?
7700
In base 11, what is 42708 - -5?
42712
In base 9, what is 2 - 17083?
-17081
In base 10, what is 5765 + 11?
5776
In base 2, what is 1000001 + 110111001?
111111010
In base 5, what is -123431 - -200?
-123231
In base 11, what is 7614 - -1aa?
7813
In base 3, what is 1020 + -11011010?
-11002220
In base 8, what is 206775 + 47?
207044
In base 2, what is 1010011 - 110110001001?
-110100110110
In base 13, what is 11190 + 6?
11196
In base 3, what is -1002110 - 1110?
-1010220
In base 8, what is -21 - 2654?
-2675
In base 13, what is -338 - -19?
-31c
In base 15, what is -ad + -89?
-147
In base 8, what is -4747 + 3?
-4744
In base 7, what is 11 + 113200?
113211
In base 4, what is 0 + 3101031?
3101031
In base 2, what is 11 + -1110100110101111?
-1110100110101100
In base 8, what is 1171 + -131?
1040
In base 10, what is 838884 + 0?
838884
In base 11, what is -5013 - -1a2?
-4921
In base 5, what is -131012 + -2?
-131014
In base 10, what is 15 + -158570?
-158555
In base 15, what is 5 + c53b?
c541
In base 3, what is -12 - -100021212201?
100021212112
In base 2, what is 100011001101 - 100100?
100010101001
In base 5, what is 2043 - 1321?
222
In base 15, what is -342 - 6a6?
-9e8
In base 14, what is -4 + -47770?
-47774
In base 7, what is 2 - -146623?
146625
In base 8, what is 54773 - -2?
54775
In base 2, what is 1111011 - 110101010?
-100101111
In base 3, what is -112100 - -12121022?
12001222
In base 3, what is 22222 + 11002022?
11102021
In base 3, what is -201222222 - -101?
-201222121
In base 16, what is 2ee + -3a?
2b4
In base 7, what is -4465646 + -1?
-4465650
In base 16, what is -3 - -26af?
26ac
In base 10, what is -4 - 4714?
-4718
In base 9, what is 32587 + -3?
32584
In base 4, what is -1 - -2311103000?
2311102333
In base 14, what is 6cc + 217?
905
In base 11, what is -11431 + 17?
-11415
In base 13, what is -b48a7 + -3?
-b48aa
In base 3, what is 21010010 - 2001?
21001002
In base 7, what is -436043 - 1?
-436044
In base 11, what is -40382 - 3?
-40385
In base 10, what is 3641 - 9?
3632
In base 14, what is -3 - -577?
574
In base 9, what is -3 - 45723?
-45726
In base 11, what is 23 - -7a159?
7a181
In base 5, what is -11 - -3010021?
3010010
In base 2, what is 11111110001101 + -10000101?
11111100001000
In base 6, what is -13200 + -4?
-13204
In base 3, what is -2 - -1011220202?
1011220200
In base 9, what is -122 + 33722?
33600
In base 4, what is 1202 - 301220?
-300012
In base 9, what is 5 + 4255?
4261
In base 13, what is -2 - 1ba003?
-1ba005
In base 8, what is 3237 + 4?
3243
In base 10, what is 9 + 533?
542
In base 10, what is -5247 - 10?
-5257
In base 5, what is 4 + -114430?
-114421
In base 8, what is 27226341 - -3?
27226344
In base 2, what is -110011000 - -1010000111011?
1001010100011
In base 12, what is 2 + 28b2?
28b4
In base 7, what is 46 + -1314?
-1235
In base 7, what is -22504 + -531?
-23335
In base 11, what is 38 - -140?
178
In base 13, what is -2 - 9b84?
-9b86
In base 11, what is 2 + -8406?
-8404
In base 16, what is -87 - 2426?
-24ad
In base 3, what is -11 + -2221101011?
-2221101022
In base 5, what is -3140 + -22013?
-30203
In base 2, what is -101100100010111001 - 11?
-101100100010111100
In base 5, what is 2402 + 143?
3100
In base 16, what is -4 + -40e8?
-40ec
In base 13, what is 338 + 381?
6b9
In base 16, what is -934 + -19?
-94d
In base 3, what is 220010211 + 11?
220010222
In base 10, what is -140274 - 3?
-140277
In base 8, what is 717102 + 2?
717104
In base 15, what is -2 - 107d2c?
-107d2e
In base 9, what is 5 - 43450?
-43444
In base 10, what is 3931 - 163?
3768
In base 2, what is 101110 + 1100101000?
1101010110
In base 5, what is -3313331 + -11?
-3313342
In base 10, what is 56321 - -4?
56325
In base 8, what is 4312 + -1?
4311
In base 15, what is 95315 + 10?
95325
In base 14, what is -bd - -50a?
42b
In base 15, what is -b + 2d79b?
2d790
In base 2, what is -11101010001000 + 100?
-11101010000100
In base 4, what is 2302001 - 1?
2302000
In base 15, what is 1 - -40ba?
40bb
In base 9, what is 7 - -16315?
16323
In base 14, what is -174b + 4?
-1747
In base 10, what is -18 - -7982?
7964
In base 4, what is -212 - 11011222?
-11012100
In base 9, what is -111 + 4644?
4533
In base 3, what is 0 + -10202100100?
-10202100100
In base 6, what is 1400 + 13145?
14545
In base 2, what is 11011011100101 - 101?
11011011100000
In base 16, what is -20 + -d64?
-d84
In base 12, what is -114a96 + -12?
-114aa8
In base 7, what is -540 - 166?
-1036
In base 16, what is -111d7 - b?
-111e2
In base 6, what is 2 + -215324?
-215322
In base 16, what is 12 + 605a?
606c
In base 8, what is -344 - 1763?
-2327
In base 11, what is -184 - 546?
-71a
In base 3, what is -222120 + 12022?
-210021
In base 15, what is -3 - 2acd?
-2ad1
In base 14, what is 1332 + -75?
129b
In base 8, what is 21633 + -34?
21577
In base 16, what is 38 - ef?
-b7
In base 8, what is 10 + 625177?
625207
In base 16, what is -2a + 13a5?
137b
In base 7, what is 30152 - -3?
30155
In base 16, what is -ce3 + 47?
-c9c
In base 15, what is 9 + 8c4?
8cd
In base 15, what is 2b036 + 5?
2b03b
In base 16, what is 1f - -793f?
795e
In base 2, what is -10010111001100 - -1000110?
-10010110000110
In base 7, what is 6512364 + -5?
6512356
In base 7, what is -10 - 1163?
-1203
In base 4, what is 1111331011 + 13?
1111331030
In base 16, what is -521a + 1c?
-51fe
In base 14, what is 7b1 - 496?
319
In base 13, what is 0 - a6139?
-a6139
In base 16, what is -307a - -d6?
-2fa4
In base 13, what is -ba87b - 0?
-ba87b
In base 5, what is -10 + -302310?
-302320
In base 5, what is -413410 - -32?
-413323
In base 8, what is 1 + -33634?
-33633
In base 6, what is -224553 - 15?
-225012
In base 3, what is 10002120200 - -10?
10002120210
In base 16, what is -492 - -1?
-491
In base 10, what is 31 - 2993?
-2962
In base 8, what is -1126 - -751?
-155
In base 5, what is 2 + 12231201?
12231203
In base 16, what is f8 - -72?
16a
In base 14, what is c53 - 8?
c49
In base 14, what is 98 + 76?
130
In base 4, what is 100201 + -302023?
-201222
In base 9, what is 12860 - 7?
12852
In base 4, what is 103 + -213331232?
-213331123
In base 4, what is -23231 - -3?
-23222
In base 2, what is -110 - 10001010101011?
-10001010110001
In base 6, what is -4 + 5042502?
5042454
In base 4, what is 121213 + -101011?
20202
In base 12, what is -38511 - 0?
-38511
In base 4, what is -11331222212 - -11?
-11331222201
In base 4, what is -1110 + 301111?
300001
In base 11, what is 3 - 39553?
-39550
In base 5, what is 10 - 1211422?
-1211412
In base 5, what is -1111441 + 10?
-1111431
In base 6, what is -1 - 1050432?
-1050433
In base 9, what is 0 + 2848225?
2848225
In base 5, what is 1320 - 100414?
-44044
In b